- 1. Suppose -2*f = -3*p - 0*f - 1, -14 = -4*p - 5*f. What is x(p)?
14
Let n(k) be the second derivative of -k**4/6 + k**3/6 + 3*k**2/2 + 2*k. Give n(3).
-12
Let n(g) = -1 - 1 - g + 1 - 2. What is n(3)?
-6
Let l(n) = -n**3 + n**2 - 2*n + 1. Let v(s) = -s**2 + 2*s + 4. Let g be v(4). Let w = -2 - g. Give l(w).
-7
Let j be 1/(-3 + (-40)/(-12)). Let v(h) be the second derivative of 1/3*h**j + 1/20*h**5 + 0 + 3/2*h**2 + 1/3*h**4 + h. Give v(-4).
-5
Let c(u) = -u**3 - 5*u**2 + 6*u - 2. Let o be c(-6). Let a be 1/(-6) + 42/36. Let j(t) = 0 - 1 + 3*t**2 - 4*t + 2*t - a + t**3. Determine j(o).
6
Suppose 85 = -2*h - 3*h. Let t = h + 21. Let s(f) = 2*f**2 - 6*f + 1. Determine s(t).
9
Let h(x) be the first derivative of 0*x**2 + 1 + 1/4*x**4 - 2*x + x**3. Calculate h(-3).
-2
Let z(o) = 4*o**3 + 8*o**2 - 4*o - 1. Let h(w) = w**3 + w**2 + 1. Let y(a) = -3*h(a) + z(a). What is y(-6)?
-16
Let c(z) = z**3 + 4*z**2 - 5*z + 5. Let g be (-2)/(-4)*168/4. Let k = 16 - g. Determine c(k).
5
Let h(n) = n - 3. Let p be h(0). Let i(x) = -2*x**2 - 4*x - 2. Calculate i(p).
-8
Let o(t) be the second derivative of 1/24*t**4 - 2/3*t**3 + 0 + t - 1/60*t**5 + t**2. Let d(x) be the first derivative of o(x). Calculate d(0).
-4
Let x = 20 + -17. Suppose 2*g = b - 12, -x*g - 2*b = 2*g + 12. Let n(r) = r - 3. Let u(z) = z - 6. Let o(t) = -5*n(t) + 3*u(t). Determine o(g).
5
Let f be (-4)/1*(-3)/(-6). Let q be (f + 2)/(0 + 1). Let i = q + -1. Let s(p) = 6*p + 1. Determine s(i).
-5
Let s be (-10)/15*1 + (-26)/6. Let f(a) = a**2 + 6*a - 2. What is f(s)?
-7
Let d = -3 - 4. Let m(p) = -4*p**3 - 11*p**2 + 14*p - 5. Let u(f) = -f**3 - 4*f**2 + 5*f - 2. Let a(j) = d*u(j) + 2*m(j). Let w = 10 + -6. Give a(w).
8
Let f(o) be the second derivative of o**5/20 + o**4 + 5*o**3/3 - 7*o**2 - 4*o + 2. Calculate f(-11).
-3
Suppose -6 = 2*z - 4*z. Let l(h) = 2 + z*h - 3*h - 2*h + 0*h. Calculate l(-2).
6
Let m = -20 - -22. Let l(h) = -4*h**m + 2 + 3*h**2 - 3*h - 2*h**2 + 2*h**2. Calculate l(-5).
-8
Suppose -6 = -4*l + 10. Let r(i) = -i + 5. Determine r(l).
1
Let x(d) = d**2 + d + 1. Suppose -t + 2*n = 3, t + 5*n = 2*t + 6. Determine x(t).
1
Let s(q) = q + 7. Suppose -5*r - 4 = -4*r. What is s(r)?
3
Let m(t) = 11*t**2 - 13*t - 19. Let q(z) = 13*z**2 - 14*z - 20. Let o(b) = -6*m(b) + 5*q(b). Give o(10).
-6
Let w(p) = 11*p**2 + p + 1. Let x = -19 - -18. Determine w(x).
11
Let b(k) = -k**3 - 5*k**2 - 4*k - 6. Let v(x) = -x + 1. Suppose -5*f = 4*o - 3 - 2, 0 = -5*f - 2*o + 15. Let n be v(f). Calculate b(n).
-6
Let c(j) = 2*j - j - 5*j**3 + 0*j**3 + 6*j**3 + 3 - 3*j**2. Calculate c(3).
6
Let l(x) = 4*x - 4. Let q(h) = h**3 + h**2 - 2*h + 4. Let u be q(-3). Let s = 11 + u. Calculate l(s).
8
Let s(x) = x**2 + 8*x + 3. Let k = 7 - 2. Suppose -2*y - 8 = 0, -3 - 2 = -k*z + 5*y. What is s(z)?
-12
Let q(t) = -t**3 + 7*t**2 - t + 10. Let v(m) = m**3 + 10*m**2 + 8*m - 2. Let p be v(-9). Let l be q(p). Let d(g) = g - 4 - l*g**2 + 4*g**2 + 0. What is d(0)?
-4
Suppose -3*d + 12 = -2*t + 2, -2 = -2*t. Let a be -4 + (-3 + 3 - -4). Suppose a = -i - 3*i + d. Let n(r) = 11*r - 1. Determine n(i).
10
Let g(a) be the second derivative of -a**4/12 - a**3/2 + 3*a**2/2 + 2*a. Let f = -2 - 1. Let o be f/(-12)*-3*4. Determine g(o).
3
Let m = 8 + 4. Suppose 0 = 2*c + 2*o - m, -14 + 4 = -5*o. Let l(f) be the first derivative of -f**2 + 6*f - 1. Give l(c).
-2
Let c = -2 - -3. Let q(a) be the first derivative of -a**2 - a + 12. Determine q(c).
-3
Let c = -53 + 55. Suppose -2*z - 6 = -4*s, z = -s - 2*z + 5. Let y(t) = 0*t**2 - t + 4*t**2 - 2*t**s. Give y(c).
6
Let w(u) = -u**2 - 10*u - 4. Let h be w(-9). Let x(z) = z**3 - 4*z**2 - 5*z + 6. Give x(h).
6
Let j(b) = b**2 - 6*b + 6. Let i(z) = -2*z + 2 + z**2 + 0*z**2 + 0*z**2. Let l be i(2). Let k = l + 2. Calculate j(k).
-2
Let j(z) = 3*z - 1. Let o(a) = 4*a - 2. Let w(t) = -3*j(t) + 2*o(t). Let u be w(-3). Suppose -u*r + 1 + 9 = 0. Let l(i) = i**2 - 8*i + 7. Give l(r).
-8
Let u(x) = 3*x**2 - 3*x + 4 + x**3 + x + 0*x. What is u(-4)?
-4
Suppose -4*q + 28 = 8. Suppose -q*v = -33 + 8. Suppose -3*f = -4 - v. Let x(b) = 3*b - 3. Determine x(f).
6
Suppose -4 = 5*q - 3*q. Let k = 3 + q. Let u(j) = 19*j**2 - 9*j - 15. Let a(n) = -9*n**2 + 4*n + 7. Let s(b) = 13*a(b) + 6*u(b). Give s(k).
-4
Let l(t) = t**3 - 7*t**2 - 5. Suppose -8*k + 3*k + 35 = 0. Give l(k).
-5
Suppose -3*r = -5*x + 4 + 6, 3*r = 0. Let h = -3 + 5. Let z(t) = 3*t + 5*t**x - t**3 + 1 - 2*t**2 - 2*t**h. Determine z(3).
-8
Suppose v + 8 = -5*i, 2 = 4*v - 2*i - 10. Suppose -2*h = v*h + 4*o + 36, -4*h - 30 = 2*o. Let j(s) = s + 4. Calculate j(h).
-2
Let t(p) be the first derivative of -p**4/4 - 4*p**3/3 + p**2 + 5*p + 5. Give t(-4).
-3
Let j(x) = -3*x + 5. Suppose -g = -2*g + 2. Suppose 7*z = -11 - 3. Let p = g - z. What is j(p)?
-7
Suppose 4*y - 20 = -0*y. Let l(c) = 3*c + c - 2*c + y. Give l(-5).
-5
Let c(w) = -w**3 - 7*w**2 - 7*w - 8. Let i = 18 + -24. Determine c(i).
-2
Let y(p) = -p**2 - 8*p + 2. Let h(k) = -k**2 - 7*k + 1. Let s(w) = 4*h(w) - 3*y(w). Let a(u) = u**2 + 1. Let g be a(0). Let r = -3 - g. Calculate s(r).
-2
Suppose 0*j - 4*j = -3*n - 8, -2*j + 4*n - 6 = 0. Suppose 15 = -0*o + j*o. Let z = -1 - o. Let i(h) = h**3 + 4*h**2 + 2. Determine i(z).
2
Suppose 7*x = 3*i + 10*x - 3, 4*i - 7 = -3*x. Let c(l) = -4*l - 1 + 0*l**2 + l**2 + 3. Determine c(i).
2
Let y be 16 + (-1 - -3) - -2. Let n be (12/15)/(4/y). Let p(f) = 3*f. Give p(n).
12
Let v be 9/(-1 - 20/(-8)). Let p be v/(1/(-2) - 1). Let d(r) = -3*r - 3. Give d(p).
9
Suppose -u - 1 = 2. Let b(q) = -q**3 - 4*q**2 - 1. Calculate b(u).
-10
Suppose 2*i = 6 + 4. Let n(a) = -4 + 0*a**3 + a**3 - i*a - 3*a**2 + 2*a**2 - 4*a**2. Give n(6).
2
Let o(s) be the third derivative of -s**5/30 + s**4/4 - 5*s**2. What is o(4)?
-8
Let j(u) = -31*u**2 - 5*u + 8*u**2 + 4*u + 5*u**2 + 7*u**2. Suppose 5*b = 2*b + 3. What is j(b)?
-12
Let z(s) = -2*s - 2. Let x(h) = 1. Let r(n) = -5*x(n) - z(n). Let q(o) = 1. Let d(a) = 4*q(a) - r(a). Suppose -19*k - 30 = -24*k. What is d(k)?
-5
Let i(q) = q**3 + 2*q**2. Let r be i(-2). Let w(m) = -2*m - 5*m**2 - 3 + r*m**2 + 3*m**2. Give w(-2).
-7
Let h(j) = 6*j + 26. Let k(u) = -3*u - 12. Let x(y) = 4*h(y) + 9*k(y). Give x(-5).
11
Let z be 0 - (5 + 24/(-6)). Let h(t) = -2 - 7*t**3 + 1 - t - 2*t**3. Give h(z).
9
Let a(s) = 9*s**2 + 10*s - 6. Let p(v) = 8*v**2 + 9*v - 5. Let n(d) = 6*a(d) - 7*p(d). Determine n(-2).
-3
Let y(f) = -14*f**3 + 12*f**2 - 9*f - 6. Let h(r) = 5*r**3 - 4*r**2 + 3*r + 2. Let z(a) = 11*h(a) + 4*y(a). Give z(3).
-2
Let i(n) = -20*n + 32. Let m(g) = 7*g - 11. Let k(c) = 6*i(c) + 17*m(c). Give k(4).
1
Let u(n) = 5*n**3 + 2*n**2 - 2*n - 1. Let j(t) be the second derivative of -t**5/4 - t**4/4 + t**3/3 + t**2/2 + t. Let a(l) = 4*j(l) + 5*u(l). What is a(-1)?
-6
Let y be ((-114)/9)/2 + 1/3. Let t(m) = m**2 + 7*m - 7. What is t(y)?
-13
Let n(l) = 5*l + 32. Let i be n(-6). Let s(j) = -3*j + 2. Give s(i).
-4
Let c = -14 + 13. Let i(n) = -n - 1. Calculate i(c).
0
Let n(b) = b**3 + 2*b**2 + 3*b + 2. Let q = 38 - 40. Give n(q).
-4
Let y(c) = -9*c + 15. Let n(u) = 19*u - 32. Let z(w) = -6*n(w) - 13*y(w). Determine z(2).
3
Let v(x) = 13*x**2 + 13*x + 12. Let b(c) = 7*c**2 + 7*c + 6. Let s(g) = -11*b(g) + 6*v(g). Let l(u) = u + 2. Let n be l(-2). Calculate s(n).
6
Let p(q) = -7*q**3 - 7*q**2 + 3*q - 15. Let n(l) = -4*l**3 - 4*l**2 + 2*l - 7. Let j(u) = 5*n(u) - 3*p(u). What is j(0)?
10
Let t(n) = -3 + 2*n + 0*n + 5 + 2. What is t(-3)?
-2
Let v = -25 + 28. Let h(q) be the second derivative of 1/6*q**3 - 2*q**2 + 0 + 3*q. Determine h(v).
-1
Let q(m) = 2*m**2 + 2*m + 2 - 7*m - m**2. Determine q(4).
-2
Let h(g) = -5*g + 3. Let w = 5 - 1. Calculate h(w).
-17
Suppose 17 = 4*y + 5. Suppose 11 = j + 3*m, -5*m = 3*j - 22 - 3. Let q(w) = 5 - j - 1 - w. What is q(y)?
-4
Suppose r + 17 = 3*f + 2*f, -f + 3*r + 9 = 0. Let l(y) = y**2 - y + f*y + 2 + 8*y - 4*y. What is l(-4)?
-6
Let o(m) = -7*m + 6*m - 4*m + 6. Give o(6).
-24
Let z(c) = 3*c + 27. Let y be z(-9). Let n(l) = l**2 + l - 3. What is n(y)?
-3
Let x = -39 + 56. Let o = -5 + 10. Suppose o*t + 3 + x = -5*i, -3*t = -3*i + 6. Let j(h) = 2*h - 1. Determine j(i).
-3
Let n(j) = -j**3 + j**2 + j + 3. Suppose -8*q + 6*q = -4. Suppose -8*i + 2 = -6*i. Suppose 5*d = -2*s + 4, -4*d + q*s = 3 + i. Determine n(d).
3
